3 + 518*k**2 - 22*k - 12. Give u(12).
12
Let j(u) = 1317*u - 17196. Determine j(13).
-75
Let c(t) = -3*t + 31. Determine c(12).
-5
Let p(o) = 112*o**2 - 10*o - 1. What is p(-1)?
121
Let r(h) = 15*h - 520. Determine r(35).
5
Let a(n) = -725*n - 4370. Give a(-6).
-20
Let n(o) = 2*o**2 + 516*o + 3535. What is n(-7)?
21
Let d(m) = m**3 + 25*m**2 - 33*m + 40. Determine d(-26).
222
Let u(f) = -17*f - 215. Determine u(5).
-300
Let q(s) = -85*s + 608. Determine q(7).
13
Let l(i) = 5*i**3 + 8*i**2 + 4*i + 1. Calculate l(-3).
-74
Let b(y) = 632*y + 7584. Calculate b(-12).
0
Let u(k) = -1091*k - 5457. What is u(-5)?
-2
Let p(s) = 2*s**2 + 41*s + 3. What is p(1)?
46
Let f(l) = -2*l**3 + 124*l**2 - l + 126. Give f(62).
64
Let s(b) = 3*b - 20. Give s(27).
61
Let y(g) = -41*g**2 + 694*g + 11. Calculate y(17).
-40
Let r(c) = 141*c + 100. Give r(-1).
-41
Let r(b) = -5*b**2 + 37*b + 143. What is r(-9)?
-595
Let u(j) = 2*j**3 - 4*j**2 - 91*j - 162. What is u(-2)?
-12
Let c(v) = -v**3 - 363*v**2 + 395*v + 11290. What is c(-364)?
6
Let k(d) = 4*d**2 - 9*d - 28. What is k(-2)?
6
Let p(h) = 8*h - 334. Give p(38).
-30
Let g(y) = -y**3 - 35*y**2 - 94*y + 60. Determine g(-32).
-4
Let d(a) = 2*a**2 - 140*a - 3818. Give d(91).
4
Let c(d) = 48*d + 57. Determine c(-7).
-279
Let d(q) = -1760*q + 68633. Determine d(39).
-7
Let i(l) = l**3 + 16*l**2 + 74*l + 202. What is i(-11)?
-7
Let w(m) = 2*m**2 - 36*m + 4. Calculate w(10).
-156
Let f(v) = -25*v - 146. What is f(-9)?
79
Let f(v) = -86*v**2 + 3*v + 10. Give f(2).
-328
Let q(u) = 110*u - 37. Give q(-2).
-257
Let t(f) = 97*f + 40. Calculate t(-2).
-154
Let g(l) = -99*l - 6511. Determine g(-66).
23
Let n(a) = a**3 - a**2 + 39*a - 585. Give n(7).
-18
Let q(n) = -449*n + 5836. What is q(13)?
-1
Let w(f) = -528*f + 4232. Determine w(8).
8
Let i(l) = -4*l**3 - 12*l**2 + 14*l - 1. Determine i(-4).
7
Let z(j) = -j**3 - 12*j**2 + 25*j - 13. What is z(-14)?
29
Let g(f) = 436*f + 1319. Determine g(-3).
11
Let n(t) = t**2 - 420*t + 6078. Calculate n(15).
3
Let l(q) = -9*q**2 + 53*q - 45. What is l(5)?
-5
Let t(u) = 50*u - 214. What is t(4)?
-14
Let a(q) = q**3 + 7*q**2 - 9. Calculate a(-3).
27
Let t(v) = -v + 26. Determine t(38).
-12
Let o(r) = -4*r**2 + 74*r + 3938. Give o(42).
-10
Let g(t) = 95*t + 849. Calculate g(-9).
-6
Let p(f) = 5*f**2 - 36*f - 179. Calculate p(-5).
126
Let z(p) = -6*p**3 - 5*p**2 + 9*p + 17. Determine z(4).
-411
Let y(q) = q**2 + 33*q + 16. Give y(-33).
16
Let p(o) = -344*o + 318. Determine p(1).
-26
Let m(s) = 65*s**2 - 70*s. Calculate m(2).
120
Let x(y) = -5*y**2 - 553*y + 238. Calculate x(-111).
16
Let o(u) = u**2 - 50*u - 3276. What is o(-38)?
68
Let i(f) = 21*f + 1490. What is i(-71)?
-1
Let m(r) = 13*r**2 - 10*r - 16. Calculate m(-2).
56
Let f(y) = -y**2 + 27*y + 105. Calculate f(-4).
-19
Let c(q) = -q**3 - 2*q**2 + 504*q - 2590. Give c(18).
2
Let c(x) = -x**3 + 20*x**2 + 20*x - 736. What is c(19)?
5
Let k(i) = -14*i**2 - 120*i - 11. Calculate k(-10).
-211
Let z(t) = -275*t - 1127. What is z(-4)?
-27
Let t(l) = -l**2 + 2*l - 116. Determine t(12).
-236
Let f(i) = -i**3 + 24*i**2 + 27*i - 407. Calculate f(24).
241
Let g(k) = 17*k + 500. What is g(-28)?
24
Let l(b) = -42*b + 118. Give l(3).
-8
Let c(n) = n**2 + 53*n + 420. What is c(-44)?
24
Let l(d) = d**3 + 5*d**2 - 94*d + 123. Determine l(-13).
-7
Let y(z) = -2*z**3 - 13*z + 26. What is y(4)?
-154
Let b(y) = 9*y**2 + 122*y + 330. Determine b(-3).
45
Let f(y) = 50*y - 2597. Determine f(52).
3
Let a(d) = -2*d**3 + 3*d**2 + 31*d - 80. What is a(3)?
-14
Let t(n) = -22*n + 14. Determine t(7).
-140
Let j(w) = 180*w + 12911. Determine j(-72).
-49
Let t(g) = 49*g - 824. Give t(15).
-89
Let i(d) = -5*d + 174. What is i(33)?
9
Let p(r) = 23*r + 5145. Determine p(-224).
-7
Let n(v) = 2*v**2 - 3*v - 46. Calculate n(-4).
-2
Let p(o) = 312*o - 2153. Determine p(7).
31
Let a(q) = 20391*q - 163124. Give a(8).
4
Let j(z) = z**3 - 14*z**2 - 12*z + 126. What is j(15)?
171
Let v(p) = -2*p**2 - 32*p - 107. Determine v(-7).
19
Let c(m) = 800*m - 5585. What is c(7)?
15
Let y(a) = -a**3 + 29*a**2 + 26*a + 148. Determine y(30).
28
Let m(k) = k**3 + 25*k**2 + 126*k - 23. Give m(-8).
57
Let l(r) = -46*r**2 - 693*r - 36. Calculate l(-15).
9
Let y(k) = 27*k - 555. Calculate y(30).
255
Let x(p) = -63*p**2 - 123*p + 12. What is x(-2)?
6
Let k(y) = -13*y**3 + 2*y - 4. Determine k(1).
-15
Let j(d) = 2*d**2 - 170*d + 3617. Determine j(43).
5
Let w(j) = -37*j - 1658. What is w(-28)?
-622
Let m(s) = s**3 - 7*s**2 - 6148*s - 160. What is m(82)?
4
Let l(t) = 1733*t - 6923. Give l(4).
9
Let r(j) = -37*j - 1577. Determine r(-42).
-23
Let i(t) = 7*t**2 - 60*t - 61. What is i(-1)?
6
Let u(w) = -w**2 - 55*w + 122. What is u(-58)?
-52
Let j(s) = s**3 - 12*s**2 - 3*s - 2. Give j(0).
-2
Let y(q) = 38*q + 2061. Calculate y(-43).
427
Let o(g) = 2*g**2 - 49*g - 137. Determine o(27).
-2
Let k(w) = 59*w - 334. Determine k(5).
-39
Let b(n) = 7*n**2 - n + 15. What is b(-3)?
81
Let h(x) = -290*x - 9562. What is h(-33)?
8
Let m(l) = -63*l + 1107. What is m(18)?
-27
Let z(x) = 2*x**2 - 33*x - 37. Determine z(17).
-20
Let i(t) = -t**3 - 2*t**2 - 1481*t - 7417. What is i(-5)?
63
Let f(l) = 102*l - 903. What is f(9)?
15
Let n(x) = 186*x**2 - 403*x + 27. What is n(2)?
-35
Let u(n) = 2*n**3 - 78*n**2 + 5*n - 96. Calculate u(39).
99
Let p(f) = 34*f + 623. What is p(-14)?
147
Let w(b) = -b**3 - 10*b**2 + 14*b - 5. Give w(-10).
-145
Let z(t) = t**3 - 102*t**2 - 765*t + 250. Give z(109).
32
Let h(q) = -127*q + 101. Give h(0).
101
Let g(c) = -2*c**3 - 4*c**2. Calculate g(2).
-32
Let w(s) = -36*s + 425. Give w(36).
-871
Let f(z) = z**3 + 15*z**2 + 179*z + 2316. Determine f(-14).
6
Let c(r) = -2*r**2 + 57*r + 2676. Calculate c(-25).
1
Let u(p) = -267*p - 33394. What is u(-125)?
-19
Let f(x) = 55*x - 30. What is f(-2)?
-140
Let f(n) = -n**2 + 23*n - 21. What is f(11)?
111
Let a(u) = -u**3 + 9*u**2 - 2*u - 33. Give a(8).
15
Let x(k) = 7*k**2 - 115*k - 117. Calculate x(-1).
5
Let p(w) = -w**3 - 2*w**2 + 10*w + 11. Give p(7).
-360
Let f(q) = -64*q + 303. Give f(12).
-465
Let d(g) = 5*g**2 - 1666*g - 16813. Determine d(343).
-6
Let h(n) = -n**2 + 117*n - 756. What is h(109)?
116
Let f(i) = -39*i**2 + 4364*i + 426. Calculate f(112).
-22
Let s(b) = -b**3 + 4*b**2 + 169*b - 4. What is s(15)?
56
Let u(q) = -141*q - 4383. Determine u(-31).
-12
Let l(b) = -3*b**2 - 23*b - 39. Calculate l(-2).
-5
Let w(a) = -5*a**2 - 25*a + 45. Give w(-6).
15
Let f(a) = -52*a + 234. Determine f(13).
-442
Let d(q) = 793*q - 50. Determine d(1).
743
Let b(x) = -2*x**3 - 242*x**2 - 128*x + 13426. Give b(-120).
-14
Let o(r) = -r**3 + 24*r**2 - 24*r + 28. Calculate o(23).
5
Let x(b) = -15*b - 116. What is x(-7)?
-11
Let u(z) = -z**3 + 37*z**2 - 41*z + 184. What is u(36)?
4
Let l(w) = 3*w**3 - w**2 - 38*w. Determine l(4).
24
Let j(t) = 21*t - 341. Determine j(16).
-5
Let z(d) = 110*d**2 + 8361*d + 73. Determine z(-76).
-3
Let d(k) = k**3 - 10*k**2 - 11*k - 6. Determine d(13).
358
Let x(a) = a**3 + 145*a**2 + 1094*a - 278. What is x(-137)?
-4
Let h(x) = x**3 + 63*x**2 + 287*x - 164. Determine h(-58).
10
Let s(r) = -3*r**2 + 15*r + 54. Give s(9).
-54
Let g(t) = 2*t**2 - 50*t - 338. Determine g(-6).
34
Let i(k) = 2*k**3 + 42*k**2 + 7*k + 156. Determine i(-21).
9
Let v(l) = 45*l**2 - 411*l - 2. What is v(3)?
-830
Let t(l) = 1355*l - 67751. What is t(50)?
-1
Let u(d) = -d**3 - 7*d**2 - 7908*d - 47414. Calculate u(-6).
-2
Let b(g) = 16*g - 310. Determine b(21).
26
Let p(m) = -11*m + 1606. Calculate p(141).
55
Let v(i) = i**2 + 21*i + 71. Give v(-6).
-19
Let w(z) = -12*z - 419. Give w(-42).
85
Let k(f) = -f**3 + 34*f**2 - 166*f - 605. Determine k(27).
16
Let o(f) = -2*f**3 - f**2 + 124*f + 51. Give o(-8).
19
Let s(p) = -2*p**2 - 22*p - 125. Give s(-14).
-209
Let z(v) = -v**3 + 17*v**2 + 65*v - 143. Determine z(20).
-43
Let k(r) = r**2 + 27*r + 61. Give k(-25).
11
Let j(t) = -34*t**2 + 1256*t + 59. Calculate j(37).
-15
Let q(n) = -n**3 - 22*n**2 + 37*n + 376. Give q(-23).
54
Let v(g) = -g**3 - 58*g**2 - 523*g - 30339. Determine v(-58).
-5
Let g(l) = 570*l - 1147. Calculate g(2).
-7
Let c(o) = -3*o - 32. Determine c(21).
-95
Let l(f) = 14*f - 458. Calculate l(44).
158
Let n(m) = 348*m**2 + 2*m - 2. Give n(1).
348
Let u(v) = -38*v + 873. Give u(22).
37
Let i(f) 